(a) = -a**3 + a**2 + a + 6. What is f(b)?
6
Let x(r) be the third derivative of -r**4/6 - r**3/6 - 2*r**2. Let v be x(-1). Let f(o) = o**3 - o**2 - 5*o + 3. Give f(v).
6
Let w(b) = -2*b + 1. Let x(c) = -2*c + 8. Let m be x(5). Calculate w(m).
5
Let t(d) = -d + 3. Let z = -30 - 24. Let p be z/15 - 2/5. Calculate t(p).
7
Let d be (4 - 1) + -2 + 6/(-6). Let k(r) = 5*r**3 + 7*r**2 + 5*r - 1. Let q(l) = 14*l**3 + 20*l**2 + 14*l - 4. Let v(z) = -17*k(z) + 6*q(z). Determine v(d).
-7
Let c(z) = z**2 + 6*z. Suppose -2*h = -5*j + 18 + 36, -5*h + 15 = 0. Suppose 5*w + 2*m = 6*m - 16, j = 3*m. Let y be 2 + -8 - w/1. What is c(y)?
0
Let q(k) be the third derivative of -k**5/12 - k**4/24 + 25*k**2. What is q(1)?
-6
Let t(z) = -3 - 3*z + 4*z + 2 - 1. Determine t(-5).
-7
Let q(m) be the second derivative of -m**3/6 - m**2 + 29*m. What is q(-3)?
1
Let c(z) = -8*z**2 + 2*z - 3. Let h(g) = -9*g**2 + g - 2. Let m(i) = -2*c(i) + 3*h(i). Determine m(-1).
-10
Let a(z) be the second derivative of -z**2/2 + z. Let m(g) = -6*g**2 + 2*g + 5. Let f(y) = 4*a(y) + m(y). Determine f(-1).
-7
Let w(b) = -b. Let u be w(5). Let z(i) = -6*i**2 - 1 + 1 - 5*i - 4 - 1 - i**3. Determine z(u).
-5
Let i(p) be the second derivative of -p**7/2520 + p**6/360 - p**5/120 + p**4/4 - 5*p. Let y(q) be the third derivative of i(q). What is y(1)?
0
Suppose -3*j = 2*t + 1 - 8, j = -t + 2. Let f(z) = 9*z**3 + 2*z**2 + 2*z + 1. Determine f(t).
-8
Let y(p) = 2*p - 2. Suppose 2*t - 4 = -0. Calculate y(t).
2
Let k(c) = -c**3 + 4*c**2 - 4*c + 4. Let a(x) = -5*x**2 + 0*x + 3*x + 0 - 2 + x**3 + x**2. Let o be a(3). Let t be 8/4 - (o + 0). What is k(t)?
-12
Let f(s) be the second derivative of 0*s**2 + 2*s + 1/3*s**3 + 1/30*s**5 + 0 + 1/6*s**4. Let d(u) be the second derivative of f(u). Determine d(-3).
-8
Let n(t) = -9*t**2 - 9*t + 7. Let s(i) = 5*i**2 + 5*i - 4. Let r(w) = 3*n(w) + 5*s(w). Suppose 6*m - 4 = 2*m. Let d = -3 + m. Give r(d).
-3
Suppose -4 = -x - 2. Let u(n) = 4*n + 3. Let v(h) = -17*h - 13. Let q(g) = x*v(g) + 9*u(g). Suppose j + 1 = 2*j. What is q(j)?
3
Let r = 5 + -2. Suppose 0 = -4*n + r*w + 3, 0 = 2*w - 6*w + 12. Let h(m) = -m - n - 4 + 0. Give h(-4).
-3
Let v(s) = 8*s**3 - s - 1. Let w(h) = 2*h - 1. Let x be w(0). Give v(x).
-8
Let u(d) = -d**2 + 11*d - 19. Let v be u(8). Let a(j) be the third derivative of -j**4/12 + j**3/6 - j**2. Calculate a(v).
-9
Let t(y) = 4*y + y**2 - 3*y**2 - 1 - y**3 + 7*y**2 + 6. Determine t(6).
-7
Let z(o) = -o + 1. Let c(n) = -3*n + 16. Let y(s) = c(s) - 4*z(s). Let t be y(-10). Let v(i) = 2*i**2 - 2*i. Determine v(t).
4
Let r(t) be the third derivative of t**7/2520 - t**6/240 + t**5/24 + t**4/4 + 4*t**2. Let j(i) be the second derivative of r(i). Determine j(4).
9
Let v(o) be the third derivative of 2*o**2 + 0*o + 0 - o**3 - 1/24*o**4. Give v(-5).
-1
Suppose 2 = 3*x - 1. Let n(w) = -4*w**3 + w - 3*w + 2*w. Give n(x).
-4
Let h(u) = -259 + 127 + u + 127. Give h(0).
-5
Let x(q) be the second derivative of -q**4/12 - 5*q**3/6 - q**2 + q. Let j be (-20)/(-30) + 11/(-3). Determine x(j).
4
Suppose 27 - 9 = 2*w. Suppose 1 = 5*a - w. Let k(d) be the first derivative of -d**4/4 + 2*d**3/3 - 3*d**2/2 - 1. What is k(a)?
-6
Suppose -15 = 3*c - 2*k, 2*k = c + 4*k - 3. Let v be 0/((-3)/(0 + c)). Let g(j) = -j**2 + 6. Calculate g(v).
6
Let g(x) be the first derivative of -x**2 + 3*x + 2. Let r(a) = a - 1. Let c(q) = 4*g(q) + 11*r(q). Let k(u) = -u - 1. Let h be k(-2). Give c(h).
4
Let u(c) = -c**3 - 5*c**2 - 4*c + 2. Let j be u(-4). Let v(x) be the first derivative of -1 - x - 1/2*x**j. Determine v(4).
-5
Let f(j) = 0*j + j - 4 - 3 - 3. Give f(5).
-5
Suppose 26*j = 24*j + 6. Let w(f) be the first derivative of -1 + 1/2*f**2 - 1/2*f**4 + 0*f - 2/3*f**j. Give w(1).
-3
Let a(m) = 2*m - 2. Suppose 0 = -5*w - 5 + 25. What is a(w)?
6
Let t(x) = -x**2 + 5*x - x**3 - 1 - 3*x - 4*x**2. Calculate t(-5).
-11
Let t(v) be the second derivative of -v**5/20 - v**4/12 - v**3/3 + v**2/2 + 2*v. Let h(x) = x**2 + 6*x - 2. Let w be h(-6). Calculate t(w).
9
Let g be (2/5)/(11/275). Let w(z) = 2 + 11*z**3 + z**2 + 2 - g*z**3. Calculate w(0).
4
Let z(b) = 2*b - 1. Suppose -12 - 2 = 2*q - 4*c, -17 = 5*q - 4*c. Let h be (-2)/(-1) - (4 + q). Let i be h - (1 + 4/(-1)). Calculate z(i).
3
Suppose 0*h + h - 49 = 5*s, 0 = -5*s - 2*h - 37. Let i(g) = g + 10. Calculate i(s).
1
Let n(f) = -2*f - 6. Suppose -17 = 3*t + 1. Determine n(t).
6
Let k(h) = h**3 + 6*h**2 + 6*h + 5. Suppose -9*c = -6*c + 12. Determine k(c).
13
Let g(m) be the second derivative of 2*m**3/3 - m**2/2 - 9*m. What is g(4)?
15
Let h(l) = -4*l + 4. Suppose 2*i = 7*i. Suppose 3 = z - i. What is h(z)?
-8
Let s = 12 + -11. Let b = 2 + s. Let f(o) = -4 + 0 - 1 + o. Determine f(b).
-2
Let x(t) = -t**3 + t**2 + 0*t**2 + 2*t - 3*t. Let h(s) = 5*s**3 - s**2 + 6*s - 4. Let z(u) = -h(u) - 4*x(u). Let v be (-6)/(2 - (4 + -4)). Give z(v).
10
Let f(m) = -m**3 - 7*m**2 - 3*m. Let h be f(-3). Let c be (-141)/h - (-4)/(-18). Let y(b) = -b**2 + 2*b + 4. What is y(c)?
-11
Let n(t) = -2*t**2 + t + 3. Let b be (6 - 35/7) + 0 + 2. What is n(b)?
-12
Let q be 4/22 - (-6)/(396/186). Let z(b) = 2*b - 1. Determine z(q).
5
Let m(t) = -2*t**2 - t + 5*t**2 + 6*t. Let v(c) = -c**2 + c - 1. Let g(r) = -m(r) - 2*v(r). Give g(-5).
12
Let o be (-100)/(-15) + 4/(-6). Suppose -x = -o*x. Suppose 3*j - 3*p + 15 = x, 0 = -2*j + p - 8 + 3. Let w(v) = -v**3 + v**2 - v - 1. Determine w(j).
-1
Suppose -18 = -w - 2*w. Let z(h) = h - 3. What is z(w)?
3
Let d(x) = x + 17*x**2 - 9*x**2 + 8*x**2. Determine d(-1).
15
Suppose 5 = -5*a + 4*a. Let o(r) = -r**2 - 4*r + 4. What is o(a)?
-1
Let a be 2 - 1/((-3)/18). Let y(b) = -a*b - 6*b + 11*b - 7. What is y(-5)?
8
Let b(r) = -r**3 - 4*r. Let o be (4/(-2) + 4)*2. Let w(u) = u**3 + 5*u. Let v(d) = o*w(d) + 5*b(d). Determine v(2).
-8
Let s(x) = -x**3 + x**2 - 6*x - 2. Let c(j) = j**3 - 2*j**2 + 5*j + 2. Let z(o) = 6*c(o) + 5*s(o). Determine z(7).
2
Let l(y) be the second derivative of y**4/12 + 2*y**3/3 + y**2/2 - 3*y. Determine l(-3).
-2
Let b(l) = l + 3*l + 11*l**2 + 10 - 25*l. Let z(j) = -7*j**2 + 14*j - 7. Let t(v) = -5*b(v) - 8*z(v). Give t(5).
-4
Let w(f) = f**2 + 3*f - 4. Suppose -1 = 5*r + 24. Let h be w(r). Let q be -3 + h/2 - 0. Let n(i) = i**3 + i**2 - i + 3. What is n(q)?
3
Let w = -1 + -2. Let b be -1 + (-2 + w - -2). Let d(v) = 2 - 2 + 2 + 4*v**2 + v**3. Give d(b).
2
Let h(c) = 26 - 4 - 8*c**2 + 4 + 21*c. Let t(x) = -3*x**2 + 7*x + 9. Let d(s) = -4*h(s) + 11*t(s). Calculate d(-5).
5
Let u(q) be the second derivative of q**4/12 + q**3/2 - 5*q**2/2 - 7*q. What is u(-4)?
-1
Suppose -2*h = 4*p - 92, 0*p - p + 30 = 4*h. Let o(g) = -p - 2*g + 17 + g**2 + 0*g + 9. Let j be (-46)/(-14) + 2/(-7). What is o(j)?
7
Let o be 52/(-12) - 4/6. Let b(c) = -c**3 - c**2 - c. Let r(d) = -3*d**3 - 6*d**2 + 4*d + 1. Let t(v) = 2*b(v) - r(v). Determine t(o).
4
Let k(n) = -2*n + 4. Let u(l) = -1. Let w(q) = k(q) - 2*u(q). Give w(4).
-2
Suppose -2*h - 2 = -10. Let k(j) = 4*j - 1. Determine k(h).
15
Let t(v) = -v**3 + 7*v**2 + 8*v + 6. Let g be t(8). Let c(a) = g + 7 + a - 16. What is c(8)?
5
Let v(y) be the second derivative of -y**4/12 - y**2 + y. Suppose -3*n - 6 = d - n, 3*d - 3*n - 9 = 0. What is v(d)?
-2
Let d(a) = -a - 9. Let h(r) = r**3 + 7*r**2 - 7*r + 6. Let q be h(-8). Let b be q + (-1*18)/(-3). Suppose b*n + 6 = -14. Determine d(n).
-4
Let m = -11 + 6. Let t(p) be the second derivative of -p**5/20 - p**4/3 + p**3 + p**2/2 - 2*p. What is t(m)?
-4
Let k(v) = -v**2 + 3*v - 5*v + 2*v**2 + 3*v. Let o = 6 + -3. Suppose 0 = -p - p - o*d + 7, -3*p + d - 6 = 0. What is k(p)?
0
Let d(c) = -2*c**2 - 5*c - 2. Suppose 3*o - 2 + 11 = 0. Calculate d(o).
-5
Let v(c) be the first derivative of -c**2 + c - 5. Let g(q) = 2*q**3 + 0*q**3 + 1 - q + 3*q. Let z be g(-1). Determine v(z).
7
Let k(m) be the third derivative of -m**4/24 - m**3/3 - 5*m**2. What is k(-6)?
4
Let v(t) = -t**2 + t + 1. Let h(u) = u**3 + 2*u**2 - 5*u - 5. Let i(l) = -h(l) - 4*v(l). Give i(2).
3
Let h(w) = -2*w + 1. Suppose -2*m = 4*l + 6, -7*l - 4 = -m - 2*l. What is h(m)?
3
Let n(i) = -2*i - 5. Let y be n(0). Let k(b) = -4 - 6*b - b**2 - b + 1. Determine k(y).
7
Suppose 3*y - 40 = -2*l + y, l + 5*y - 28 = 0. Suppose 2 = 2*h + 2*c, 3*h + l + 3 = 5*c. Let r(m) = m**2 + 3*m + 2. Determi